ded by 66.
65
What is the remainder when 32287362 is divided by 1013?
13
Calculate the remainder when 13358208 is divided by 4452736.
0
Calculate the remainder when 285323 is divided by 1903.
1776
What is the remainder when 148276 is divided by 18498?
292
Calculate the remainder when 5543402 is divided by 29803.
44
What is the remainder when 78626 is divided by 12812?
1754
Calculate the remainder when 134555894 is divided by 2170256.
22
Calculate the remainder when 49359373 is divided by 12339840.
13
What is the remainder when 7104772 is divided by 710477?
2
What is the remainder when 1014662 is divided by 494?
480
What is the remainder when 42087160 is divided by 1711?
1693
Calculate the remainder when 105650 is divided by 799.
182
What is the remainder when 5088054 is divided by 7975?
4
Calculate the remainder when 25063 is divided by 6123.
571
What is the remainder when 12489 is divided by 631?
500
Calculate the remainder when 108223 is divided by 664.
655
What is the remainder when 521151 is divided by 130286?
7
Calculate the remainder when 2412058 is divided by 7514.
64
Calculate the remainder when 3184135 is divided by 94.
73
Calculate the remainder when 278657690 is divided by 22.
14
What is the remainder when 146759 is divided by 73357?
45
What is the remainder when 10453 is divided by 7368?
3085
Calculate the remainder when 11851 is divided by 11613.
238
What is the remainder when 65676 is divided by 1077?
1056
What is the remainder when 33443096 is divided by 334?
10
Calculate the remainder when 241984 is divided by 852.
16
What is the remainder when 2257793 is divided by 189?
188
Calculate the remainder when 129185 is divided by 6.
5
What is the remainder when 27836877 is divided by 20?
17
What is the remainder when 237485 is divided by 2833?
2346
What is the remainder when 1466116 is divided by 77162?
38
Calculate the remainder when 13423854 is divided by 1798.
1784
Calculate the remainder when 25067 is divided by 24932.
135
Calculate the remainder when 35160673 is divided by 35160668.
5
Calculate the remainder when 33107 is divided by 8.
3
What is the remainder when 1163873 is divided by 788?
785
What is the remainder when 17721596 is divided by 1775?
1771
What is the remainder when 8754004 is divided by 265?
259
What is the remainder when 42304 is divided by 380?
124
What is the remainder when 146139536 is divided by 230504?
0
Calculate the remainder when 2297987 is divided by 5407.
12
What is the remainder when 316626 is divided by 63317?
41
What is the remainder when 33977 is divided by 15010?
3957
What is the remainder when 64777 is divided by 16167?
109
What is the remainder when 113594 is divided by 7534?
584
What is the remainder when 4050911 is divided by 796?
67
What is the remainder when 95383 is divided by 6767?
645
What is the remainder when 430701 is divided by 565?
171
What is the remainder when 8474453 is divided by 2824772?
137
Calculate the remainder when 199337 is divided by 11695.
522
What is the remainder when 12854310 is divided by 183?
24
What is the remainder when 12449451 is divided by 185?
61
Calculate the remainder when 21412 is divided by 1270.
1092
Calculate the remainder when 13488585 is divided by 28397.
10
Calculate the remainder when 465366 is divided by 828.
30
What is the remainder when 701257 is divided by 155?
37
What is the remainder when 2200038 is divided by 82?
60
Calculate the remainder when 782158 is divided by 53.
37
What is the remainder when 2133498 is divided by 2621?
4
Calculate the remainder when 10749985 is divided by 1686.
49
Calculate the remainder when 14377628 is divided by 182.
174
What is the remainder when 81258 is divided by 611?
606
What is the remainder when 114275 is divided by 695?
295
Calculate the remainder when 27795 is divided by 294.
159
Calculate the remainder when 81226 is divided by 13528.
58
What is the remainder when 67589 is divided by 13210?
1539
What is the remainder when 334365 is divided by 16718?
5
Calculate the remainder when 5828877 is divided by 2235.
2232
What is the remainder when 10179160 is divided by 5089537?
86
Calculate the remainder when 4844405 is divided by 5666.
5641
What is the remainder when 1285891 is divided by 2253?
1681
What is the remainder when 1503470 is divided by 375665?
810
Calculate the remainder when 704319 is divided by 2348.
2267
Calculate the remainder when 316661 is divided by 31.
27
What is the remainder when 13329148 is divided by 1021?
1014
Calculate the remainder when 124450 is divided by 4158.
3868
What is the remainder when 624956 is divided by 312345?
266
What is the remainder when 63582538 is divided by 658?
656
Calculate the remainder when 61347 is divided by 10223.
9
Calculate the remainder when 32040 is divided by 6126.
1410
Calculate the remainder when 9277 is divided by 1980.
1357
What is the remainder when 1920170 is divided by 36?
2
Calculate the remainder when 25282018 is divided by 2654.
14
What is the remainder when 2984362 is divided by 77?
73
Calculate the remainder when 74624 is divided by 7407.
554
Calculate the remainder when 8179048 is divided by 340.
8
What is the remainder when 1032791 is divided by 743?
21
Calculate the remainder when 76370 is divided by 76251.
119
Calculate the remainder when 1115009 is divided by 5022.
125
What is the remainder when 6011975 is divided by 1202392?
15
Calculate the remainder when 11420 is divided by 1867.
218
What is the remainder when 2060836 is divided by 3429?
7
Calculate the remainder when 4800989 is divided by 28.
25
Calculate the remainder when 13452074 is divided by 73.
72
Calculate the remainder when 1124946 is divided by 51100.
746
What is the remainder when 4716229 is divided by 2357898?
433
What is the remainder when 51177828 is divided by 1462223?
23
What is the remainder when 1489516 is divided by 45?
16
Calculate the remainder when 108752 is divided by 481.
46
What is the remainder when 198657 is divided by 462?
459
What is the remainder when 128616 is divided by 13995?
2661
Calculate the remainder when 74179 is divided by 76.
3
Calculate the remainder when 135917989 is divided by 53.
19
Calculate the remainder when 45804 is divided by 762.
84
What is the remainder when 19707964 is divided by 3?
1
What is the remainder when 13395421 is divided by 254?
223
Calculate the remainder when 228019536 is divided by 121.
118
Calculate the remainder when 3683072 is divided by 636.
632
Calculate the remainder when 126110931 is divided by 396.
375
What is the remainder when 15588243 is divided by 633?
618
Calculate the remainder when 84861182 is divided by 43608.
14
What is the remainder when 431191 is divided by 61596?
19
What is the remainder when 42990601 is divided by 429906?
1
Calculate the remainder when 794107 is divided by 489.
460
What is the remainder when 2445955 is divided by 978?
955
What is the remainder when 956049 is divided by 191190?
99
What is the remainder when 3218567 is divided by 497?
492
What is the remainder when 2057490 is divided by 173?
1
What is the remainder when 112632571 is divided by 2964015?
1
What is the remainder when 640243 is divided by 629?
550
Calculate the remainder when 1206636 is divided by 32611.
29
Calculate the remainder when 451634 is divided by 398.
302
Calculate the remainder when 12376542 is divided by 1102.
1082
Calculate the remainder when 13120205 is divided by 49510.
55
What is the remainder when 8720005 is divided by 2500?
5
Calculate the remainder when 4558240 is divided by 1347.
1339
Calculate the remainder when 121587 is divided by 262.
19
Calculate the remainder when 470706 is divided by 23535.
6
What is the remainder when 3752953 is divided by 1876469?
15
Calculate the remainder when 63553 is divided by 7944.
1
What is the remainder when 38114 is divided by 38011?
103
Calculate the remainder when 9043513 is divided by 68.
57
Calculate the remainder when 12667426 is divided by 22.
2
Calculate the remainder when 1049627 is divided by 2258.
1915
What is the remainder when 89081459 is divided by 1127?
1125
Calculate the remainder when 610337 is divided by 331.
304
Calculate the remainder when 894283 is divided by 222348.
4891
What is the remainder when 3211877 is divided by 18?
11
What is the remainder